. Let d(c) be the first derivative of n(c). What is d(7)?
-7
Let t be 11/22 + (-2)/4. Let d(x) be the first derivative of -x**3/3 + 23*x - 485. Calculate d(t).
23
Let q(s) = s**2 + 277 - 586 + s - 83*s**3 + 310. Determine q(-1).
84
Let c = -8 - -11. Suppose c*d = -3*y, 0 = -y - y - 4. Let o(r) be the third derivative of -r**4/24 + 558*r**2 + 1. Determine o(d).
-2
Let f(x) = x**2 + x + 5. Let l(t) = -2*t**2 - 15*t - 18. Let d be l(-6). Let a(v) = -3*v + 0*v - v**2 + d*v**2 - v. Let r be a(0). What is f(r)?
5
Let k(p) = -p - 27. Let n be 50/(2 - 0) - (0 - -5). Let g = 20 - n. Calculate k(g).
-27
Suppose -6*c + 45 = -3*c. Suppose -16*y = -21*y + c. Let r(m) = -3*m**2 + 5*m - m**3 - m - 1 + 4*m**2 - y*m. Give r(0).
-1
Let w(q) = -q - 12. Let r(h) = -2*h**2 - 5*h + 9. Let s be r(-3). Suppose y + s = 11. Suppose n = y, 3*b - n = 4*n - 46. Calculate w(b).
-5
Let v = 264 - 261. Suppose -v*o + 5*k - 17 + 47 = 0, -k = -o + 8. Let b(l) = -4*l + 17. Determine b(o).
-3
Let i(h) = -h**3 - 5*h**2 - 7*h - 8. Let t be i(-4). Let v(x) = -3 - t - x - 3 + 0. Let b = -72 + 64. Give v(b).
-2
Let g(t) = -3*t - 11. Let w(x) be the second derivative of -x**3/3 + 3*x + 7. Let i(m) = g(m) - w(m). Calculate i(0).
-11
Let o = -25 + 22. Let x(b) = 35*b - 6. Let f(d) = 19*d - 3. Let y(g) = -11*f(g) + 6*x(g). Give y(o).
-6
Let d = -2051 + 2041. Let m(p) = p**2 + 12*p + 24. Determine m(d).
4
Suppose 3 = b + 5*i + 7, i - 4 = -b. Let h(t) = -b*t**3 + 5*t**3 + 3 + 3*t + 92*t**2 - 91*t**2. Determine h(3).
-6
Let n(p) = 62*p - 305. Let z = -35974 + 35979. What is n(z)?
5
Suppose -8*k + 6*k = 13*k - 45. Let r(x) be the second derivative of -2*x**3/3 - x**2/2 - 4*x. What is r(k)?
-13
Let a(i) = -72960*i + 145924*i - 19 - 72960*i. What is a(-5)?
-39
Let i be ((-3)/1 + 2)*-40. Suppose 5*v + 28 = 3*s, 0 = 4*v + 11*s - 9*s + i. Let q(w) = w**3 + 8*w**2 + 1. Calculate q(v).
1
Let u(p) = 198*p + 9*p**2 - 7 - 78*p - p**3 + 0 - 117*p. What is u(9)?
20
Let t(p) = 64*p + 5. Let k(d) = -76*d - 5. Let h(c) = 5*k(c) + 6*t(c). Calculate h(-3).
-7
Let w(g) be the second derivative of 2*g**3 + 6*g**2 + 405*g. What is w(0)?
12
Let r(u) = 0*u**2 + 67 - 71 + 2*u**2 - 3*u**2 - 14*u - 2*u. Give r(-15).
11
Let z be 4 + 75 + -72 + (-2 - (3 + 1)). Let x(n) = 35*n**3 + 2*n**2 - 2*n + 1. Determine x(z).
36
Let i(l) = 8*l - 4 + 0*l - 8 - 4*l. Let y be i(2). Let t(a) = a + 1. What is t(y)?
-3
Suppose 6*w = 10*w - 12. Suppose 3*g + m - 17 = w, -15 = -2*g - m. Let y(q) = -q**2 + 4*q. Let b be y(g). Let j(r) = r + 4. Calculate j(b).
-1
Let n(d) be the first derivative of -d**3 - 11*d**2/2 - 16*d + 1668. Give n(-2).
-6
Suppose -5*l + 0*z = z - 68, 3*z = -2*l + 35. Let w be 22 - l - (1 + 0). Suppose -n - 7 + w = 0. Let g(t) = 4*t + 1. What is g(n)?
5
Let k(j) = -2*j - 1. Suppose 2*v = 2*u + 82 + 56, -v + 69 = -5*u. Suppose 4*p + 3*i - 303 = 0, 3*p + 2*p + 2*i = 370. Let n = p - v. What is k(n)?
-7
Suppose 0 = -64*a - 204 - 692. Let k(i) = -i**2 - 15*i + 20. Calculate k(a).
34
Let m(s) = -s**3 + 25*s**2 + 6*s - 152. Let c(u) = -2*u**3 - 46*u**2 + 95*u - 100. Let t be c(-25). Calculate m(t).
-2
Let h(q) = 7*q - 279. Let z be (-868)/(-28) + (-2 - -4) + 18/3. Calculate h(z).
-6
Let f(m) = -231*m**2 + 3*m + 2. Let l(k) = -92*k**2 + k + 1. Let r(t) = -2*f(t) + 5*l(t). Give r(2).
7
Suppose 35 = 3*i + 23, 0 = 5*q + 2*i - 23. Let t(g) be the first derivative of g**4/4 - g**3 + 3*g**2/2 - 3*g - 7. Determine t(q).
6
Let m be 486/10 + 0 + 8/20. Let r(s) = -4*s - 48*s**2 - 7 + m*s**2 - 3. Calculate r(7).
11
Let y(r) = 2*r + 1. Let s(p) = 2*p + 32. Let i(n) = n + 32. Let l(u) = 4*i(u) - 5*s(u). Let c be l(-6). Let m be 1*(-16)/c + 0. Calculate y(m).
-7
Let g(j) = j**2 - 2*j - 1. Let q be (4/1 - 2) + -1. Let p be q*5/((-25)/(-55)). Suppose -5*k - 1 = -5*b - 2*k, -2*b = -5*k + p. Give g(b).
-1
Suppose -117*m = -29*m - 56*m - 1024. Let y(c) = c**2 - 31*c - 32. Give y(m).
0
Let b(k) = k**3 + 14*k**2 - 2*k - 16. Suppose -9*j + 546 = -201. Suppose j = -7*h - 15. Calculate b(h).
12
Let t(z) = z**3 - 15*z**2 + 3*z - 50. Let m be (16 + -11 + -4)*15. Calculate t(m).
-5
Suppose 4*w = 2 + 2. Let j(y) = -275*y**2 + 42*y - 34. Let v(m) = -33*m**2 + 5*m - 4. Let b(l) = -2*j(l) + 17*v(l). Calculate b(w).
-10
Let c(s) = -s**2 - 4*s - 7. Suppose 199*o - 63 = 66*o - 329. What is c(o)?
-3
Let p(o) = 10*o + 9 + 6*o**2 + 0 - 5*o**2. Suppose 0 = -97*y - 17*y - 1140. Calculate p(y).
9
Let j be (45/(-10))/((-6)/8). Let b = 161 + -155. Let h(c) = -c**2 + 9*c - 7. Let q(s) = 3*s**2 - 27*s + 21. Let g(x) = b*q(x) + 17*h(x). Determine g(j).
-11
Let y = 2791 - 2776. Let f(c) = c**2 - 17*c + 32. Calculate f(y).
2
Let h(g) be the third derivative of -g**5/30 + 5*g**4/6 + 11*g**3/6 - 963*g**2. What is h(10)?
11
Let u(n) = -4*n + 17. Let x(b) = b - 8. Let y(h) = -u(h) - 2*x(h). Suppose -4*v = -j + 10, -j = -0*j - 2*v - 4. What is y(j)?
-5
Let q(o) be the second derivative of o**5/20 + o**3/6 + 2*o**2 + 6*o. Let k(l) = -9*l - 11*l + 25*l + 2*l**2 + 2. Let w be k(-2). Give q(w).
4
Suppose 58*o - 41*o = 7463. Let q = o + -439. Let z(u) be the third derivative of -u**6/120 + 5*u**3/6 + u**2. Give z(q).
5
Let n(g) = 2*g**3 + 26*g**2 + g + 18. Let h(t) = -64*t + 2099. Let b be h(33). Calculate n(b).
5
Let m(j) = 19*j - 88. Let l(p) = -7*p + 41. Let g(v) = -5*l(v) - 2*m(v). What is g(-18)?
25
Let a be (-300)/(-108) - (-2)/9. Let f(b) = 2 + b - b**3 + 5 + 4 - 14 + a*b**2. Suppose 0 = 7*q + 2*q - 27. What is f(q)?
0
Suppose -7 = -7*j - 35. Let a(q) = -1625*q**2 + 6*q - 8*q + 1624*q**2. What is a(j)?
-8
Let o(j) = -5*j + 6. Suppose 141*v + 41 = -241. Calculate o(v).
16
Let t(s) = -s**3 + 24*s**2 + 51*s + 17. Suppose -910 = 17*l - 2*l - 50*l. Give t(l).
-9
Let d(j) = 15*j**2 - 14*j**2 + 6 - 12. Let s(i) = -i**3 - 6*i**2 + 6*i - 10. Let n be s(-7). Determine d(n).
3
Let a(y) = 8*y + 18. Let v be a(-2). Let z(b) = 2 - 1319*b**2 - 3*b - b + 1313*b**v + 1. Give z(2).
-29
Let s(m) = 2*m - 2*m + 5*m + 236006 - 235961. Give s(-9).
0
Let b(c) be the first derivative of 1/2*c**2 - 17*c + 58. What is b(0)?
-17
Let z be (((-2)/1)/(-14 + 15))/(68/646). Let n(x) = x**3 + 19*x**2 + 3*x + 7. Calculate n(z).
-50
Let p(z) = -25*z - 602. Let r be ((312/(-30) - 1) + 11)/((-2)/(-120)). Give p(r).
-2
Let f(j) = -3*j + 8. Let z(l) = -23*l - 1793. Let y be z(-78). What is f(y)?
5
Let k(d) be the first derivative of 29/3*d**3 - 59 - d**2 + d. What is k(1)?
28
Suppose -5*o - 10*h = -13*h - 26, 2*o = -4*h. Suppose -4*p = -0 - 4. Let l = p + o. Let q(c) = 4*c - 7. What is q(l)?
13
Let g(b) = b - 1 - b - 4*b - 7*b. Suppose -629*a = -634*a + 5. Give g(a).
-12
Let d be (1/2)/((-2)/28). Let u = d - -13. Let w(t) = 5*t**2 - 26097*t - t**3 + 26102*t + 40424 - 40417. Calculate w(u).
1
Let r(x) = -x**3 - 5*x**2 + 4*x - 13. Suppose -p - 3*p + 4*v + 20 = 0, -3*p + 2*v + 19 = 0. Suppose -20*d + p*d = 66. What is r(d)?
-1
Let h(v) = 28*v + 84. Let n be h(-3). Suppose 5*m + 3*i + 27 = n, -i + 16 = 4*m + 32. Let r(x) = -x**3 - 2*x**2 + 3*x - 5. Give r(m).
-5
Let r(b) = -2*b**2 + 8*b - 7. Suppose 3*s - 278 = -m, -14*m = -17*m + 6. Let k = s - 87. Determine r(k).
-17
Let v = 24 - 19. Let y(g) be the first derivative of -4*g**2 + 3*g - 4. Let r(o) = -39*o + 15. Let q(k) = v*r(k) - 24*y(k). What is q(2)?
-3
Let t(q) = 8 + 21 - 4*q + 14*q + 20 - 6. Determine t(-6).
-17
Let h(v) = 10*v + 182. Suppose 11*j = -y + 153 - 347, 44 = -3*j + y. What is h(j)?
12
Let b(a) = 65*a - 182*a + 204 + 161 + 51*a + 156*a. Determine b(-4).
5
Suppose 4*s + 4*i - 1776 = 0, -5*s = -2*s + i - 1334. Let q = -448 + s. Let g(n) = n**2 + n - 4. What is g(q)?
2
Suppose 3*c + c - 8 = 0. Suppose c*s - 18 = 2*m - s, s = -4*m - 22. Let t(a) = -a**2 - 8*a - 3. Calculate t(m).
9
Let m(i) = -4*i - 2*i**2 + 129*i**3 - 4*i**2 - 128*i**3 + 20 - i. Calculate m(6).
-10
Let z(m) = -m**3 - 11*m**2 + 19*m - 83. Let v be z(-13). Let u = -1 - -3. Let n(g) = -9*g + 0*g**u + 9*g**2 - g**3 - 3 + 6. Determine n(v).
-5
Let n = 515 - 513. Let z = -2 - -6. Let x(h) = h + 62 - 3*h**2 + 0*h**n + z*h**2 - 73. Give x(0).
-11
Let v(w) = 3*w - 3. Let j(c) = -7*c + 7. Let m(l) = -2*j(l) - 5*v(l). Let k(i) = 129*i + 648. Let d be k(-5). Determine m(d).
-2
Let k(g) = g**2 - 6*g + 2. Let t be 26/6 - (-17)/(-51). Suppose 4*v = -4*u - t, -3*u = -7*u + 4*v + 36. What is k(u)?
